71451
In base 5, what is 43 + -3140?
-3042
In base 8, what is 52064 + -15530?
34334
In base 5, what is -130440 + 1331431?
1200441
In base 5, what is -10240042144 - 1?
-10240042200
In base 8, what is 60 + 50714014?
50714074
In base 14, what is -13240 - -144?
-130da
In base 16, what is -895e77 - -1?
-895e76
In base 2, what is 11110100100111000 - -10110010?
11110100111101010
In base 15, what is 3 - 1cc1e538?
-1cc1e535
In base 3, what is -11012 - -122201111011?
122201022222
In base 15, what is 3 - 20db5b12?
-20db5b0e
In base 11, what is -84313 - 47?
-8435a
In base 11, what is -28 + -10a8323a?
-10a83267
In base 14, what is -2842 + -811?
-3253
In base 15, what is -98283b - 4?
-982840
In base 13, what is 37 - 2451c4?
-24518a
In base 13, what is 59 - 131930?
-1318a4
In base 8, what is 22153 + -10167?
11764
In base 16, what is 2800 - 20a0?
760
In base 6, what is -21404015040 + -2?
-21404015042
In base 8, what is 27 - -1300024?
1300053
In base 16, what is -18b56 + 51?
-18b05
In base 14, what is -133c12d + -2?
-133c131
In base 15, what is cba + -139e?
-5d4
In base 5, what is -33301230032 - 3?
-33301230040
In base 4, what is 21032030121 - 3?
21032030112
In base 6, what is 150 - -50344415?
50345005
In base 13, what is -113a + 821b?
70b1
In base 3, what is -2110020121221121 - -1?
-2110020121221120
In base 11, what is -3 - -1485727?
1485724
In base 13, what is -2b0aa0b - 3?
-2b0aa11
In base 7, what is -15104421 - 46?
-15104500
In base 16, what is -dbf - -bfc?
-1c3
In base 2, what is -1001100001011110101 - 1011?
-1001100001100000000
In base 15, what is 2d + -9a04?
-99c6
In base 13, what is -ca7 - -1566?
58c
In base 3, what is 12010122222 + 0?
12010122222
In base 6, what is -100 + 3353042?
3352542
In base 7, what is -12 + -240055621?
-240055633
In base 9, what is 14 - -73727163?
73727177
In base 16, what is -32980 - -172?
-3280e
In base 3, what is 10 + 10202222212010111?
10202222212010121
In base 9, what is -2248 - -7245?
4886
In base 8, what is 3323542 + -4?
3323536
In base 10, what is 264250 + 36?
264286
In base 8, what is -47 - -42463?
42414
In base 3, what is -1200210102001 - 100?
-1200210102101
In base 9, what is 521120207 - 1?
521120206
In base 12, what is 6 + -7872b86?
-7872b80
In base 15, what is b37e - 107?
b277
In base 7, what is -61 + -15064361?
-15064452
In base 16, what is 1d44a9 + 4?
1d44ad
In base 6, what is -142422534 + -3?
-142422541
In base 3, what is -20020202010201 - -120?
-20020202010011
In base 11, what is 6655646 + -4?
6655642
In base 16, what is 667 - -482?
ae9
In base 12, what is 2 - -264ab45?
264ab47
In base 4, what is 111101 + -2321311313?
-2321200212
In base 14, what is 3b + -2787a72?
-2787a35
In base 6, what is -15501410 + 3?
-15501403
In base 10, what is 82051 - -184?
82235
In base 9, what is -1030027 - 882?
-1031020
In base 7, what is -510 - 65002124?
-65002634
In base 4, what is -1221320222120 - 2?
-1221320222122
In base 2, what is -1 + -1001111110010110011110?
-1001111110010110011111
In base 13, what is -76 - 6a3a?
-6ab3
In base 4, what is 11 - 121032223303?
-121032223232
In base 10, what is -2 + -2221562?
-2221564
In base 5, what is -30 + 2240421221?
2240421141
In base 3, what is 1 + 2012101211012?
2012101211020
In base 14, what is -36aabc5 + -2?
-36aabc7
In base 15, what is -2b6 + -458be?
-45b85
In base 5, what is -1301 - -2232341?
2231040
In base 7, what is -20461446 + 56?
-20461360
In base 5, what is 1113104 - -1444?
1120103
In base 10, what is -22147009 + -33?
-22147042
In base 11, what is 1 - aa2a8a9a?
-aa2a8a99
In base 15, what is 1b62 + -34bb?
-1859
In base 3, what is 120220222 + -201010?
120012212
In base 6, what is -53223 - -232530?
135303
In base 8, what is 4 + -5041710?
-5041704
In base 3, what is -1012112102 + -1022100112?
-2111212221
In base 13, what is -226c2b6 + -3?
-226c2b9
In base 3, what is -222102020 - 20220000?
-1020022020
In base 15, what is 35e - 43921?
-435b2
In base 12, what is -7b - -264203?
264144
In base 6, what is 305552241 - 5?
305552232
In base 9, what is 8 + -34165050?
-34165041
In base 14, what is 5764 - 62b?
5137
In base 6, what is -30230521 + 45?
-30230432
In base 2, what is 100101001110100001 - -111100?
100101001111011101
In base 9, what is 126 - -24488?
24625
In base 6, what is -1 + 15512354?
15512353
In base 5, what is -14124 - 4421031?
-4440210
In base 10, what is 14382 - -585?
14967
In base 8, what is -15 + -5650505?
-5650522
In base 4, what is -13030323 + 320010?
-12110313
In base 13, what is -6b4542 + -c?
-6b4551
In base 3, what is 11110011022200011 - -10?
11110011022200021
In base 11, what is -590280 + 4?
-590277
In base 7, what is -134625 + 51525?
-53100
In base 3, what is 2 - 111011000002020121?
-111011000002020112
In base 3, what is -222201112210 - 1?
-222201112211
In base 8, what is 277643 + 113?
277756
In base 9, what is -22115001 - 2?
-22115003
In base 12, what is -273ba - -10183?
-17237
In base 13, what is 9c5c0a + -5?
9c5c05
In base 13, what is a + -ab84a?
-ab840
In base 12, what is 1197 - -48294?
4946b
In base 16, what is 4cff21 + 3?
4cff24
In base 11, what is -2a049835 + 1?
-2a049834
In base 4, what is -112201101301 + -101?
-112201102002
In base 15, what is -ed9 - -24b?
-c8d
In base 4, what is -11211 + -31013110?
-31030321
In base 12, what is -a95 + -59a7?
-6880
In base 12, what is 249a4745b - 5?
249a47456
In base 2, what is 110 - 101101110011100100000?
-101101110011100011010
In base 12, what is -1b7716 - 333?
-1b7a49
In base 2, what is -10010101 - 1011011000001000010?
-1011011000011010111
In base 16, what is -107 - 41fc1?
-420c8
In base 11, what is -a79535 - -4?
-a79531
In base 16, what is -2053f + -1296?
-217d5
In base 8, what is -420632761 + 1?
-420632760
In base 16, what is -3 - -2451e06?
2451e03
In base 4, what is -120032003 - -3321?
-120022022
In base 4, what is 21111302 + -3121201?
11330101
In base 8, what is 400 - -2240677?
2241277
In base 15, what is 2e9b252 + 1?
2e9b253
In base 2, what is -100000 + -101011100010110101?
-101011100011010101
In base 5, what is 101203 + 12334?
114042
In base 8, what is 15227407 - -44?
15227453
In base 4, what is -2212 + 12123300313?
12123232101
In base 13, what is -17 + a81a4?
a818a
In base 8, what is -304 + -1471?
-1775
In base 2, what is 101 - -10101101011001100001101101?
10101101011001100001110010
In base 6, what is -20521543 - 2?
-20521545
In base 7, what is -3 + -2540614?
-2540620
In base 3, what is -20210 + 22201011?
22110101
In base 2, what is 10111100001 + -11101010?
10011110111
In base 4, what is 30113323302 - 20?
30113323222
In base 9, what is 463455 - -24?
463480
In base 5, what is 0 - 13310333000?
-13310333000
In base 2, what is 11 - 10100100001111110100111111?
-10100100001111110100111100
In base 12, what is -45 + -3608b6?
-36093b
In base 11, what is -58810 + -4566?
-62276
In base 2, what is 1111101110110 - 10101101100010?
-101111101100
In base 16, what is 1c40bf + -6?
1c40b9
In base 13, what is -bcc - 35c?
-125b
In base 9, what is 362604525 + -3?
362604522
In base 5, what is -132420 - -104441?
-22424
In base 5, what is -11321 + -1314012?
-1330333
In base 16, what is -208 - 1992f?
-19b37
In base 12, what is -1307b + 1b1?
-12a8a
In base 12, what is -1562 + -1918?
-327a
In base 13, what is 53382 - -8?
5338a
In base 7, what is 65241164 + 0?
65241164
In base 5, what is 141412 + 341104?
1033021
In base 16, what is -10ba4ca + 0?
-10ba4ca
In base 4, what is -1303310 - 103033030?
-111003000
In base 11, what is 561311422 - -4?
561311426
In base 12, what is 6bb77 - -596?
70551
In base 8, what is -55164 - 4141?
-61325
In base 12, what is -16 + -b51137?
-b51151
In base 14, what is -1307 - 29?
-1332
In base 11, what is -63 - -114490?
114428
In base 16, what is 4081fd - 6?
4081f7
In base 9, what is -51570578 + 3?
-51570575
In base 11, what is -8591 + -86725?
-94206
In base 11, what is 3809 + -694?
3125
In base 13, what is 205 - a5bb?
-a3b6
In base 13, what is -2 + -14c9005?
-14c9007
In base 11, what is -4 - -2011929?
2011925
In base 4, what is -3231231 + 23221101?
13323210
In base 6, what is 1 - 251535231?
-251535230
In base 13, what is -47 + 82478?
82431
In base 5, what is 20144331 + -2301?
20142030
In base 15, what is d - e62ab?
-e629d
In base 2, what is -10101101111111001010111 + 100100?
-10101101111111000110011
In base 6, what is